1553313
What are the prime factors of 1340133833?
659, 2033587
What are the prime factors of 463800628?
2, 115950157
What are the prime factors of 1490684889?
3, 229, 311, 6977
What are the prime factors of 151736877?
3, 16859653
What are the prime factors of 18022812?
2, 3, 1501901
What are the prime factors of 2194748893?
179, 12261167
List the prime factors of 322779757.
41, 7872677
List the prime factors of 1341352149.
3, 113, 1831, 2161
What are the prime factors of 43799509?
13, 3369193
List the prime factors of 1189085956.
2, 29, 10250741
What are the prime factors of 618956759?
22817, 27127
What are the prime factors of 22651745?
5, 977, 4637
List the prime factors of 6472918348.
2, 13, 107, 109, 821
What are the prime factors of 77794786?
2, 23, 73, 23167
List the prime factors of 366047838.
2, 3, 13, 1564307
What are the prime factors of 456687552?
2, 3, 167, 14243
What are the prime factors of 378592428?
2, 3, 631, 49999
What are the prime factors of 1031495324?
2, 37, 6969563
What are the prime factors of 645468253?
467, 1382159
List the prime factors of 34053511.
29, 1174259
What are the prime factors of 19482422?
2, 593, 16427
List the prime factors of 416028101.
12377, 33613
What are the prime factors of 933217536?
2, 3, 223, 5449
What are the prime factors of 329577116?
2, 11, 19, 20749
What are the prime factors of 198241017?
3, 13, 71, 71593
What are the prime factors of 4495030316?
2, 7, 17, 9443341
What are the prime factors of 62410279?
62410279
List the prime factors of 209844509.
7, 881, 4861
List the prime factors of 101349780.
2, 3, 5, 7, 29, 53, 157
List the prime factors of 25933298.
2, 31, 418279
What are the prime factors of 727995552?
2, 3, 7583287
List the prime factors of 2658577132.
2, 37, 191, 94049
What are the prime factors of 79535383?
79, 139, 7243
What are the prime factors of 3794605587?
3, 137, 3077539
What are the prime factors of 148212479?
47, 1511, 2087
List the prime factors of 508695729.
3, 169565243
List the prime factors of 1436613674.
2, 19, 3803, 9941
What are the prime factors of 593857000?
2, 5, 11, 53987
What are the prime factors of 20196650?
2, 5, 403933
List the prime factors of 392737620.
2, 3, 5, 11, 595057
List the prime factors of 1088431866.
2, 3, 60468437
What are the prime factors of 142344327?
3, 47448109
List the prime factors of 82920969.
3, 593, 5179
List the prime factors of 318230308.
2, 11, 229, 31583
What are the prime factors of 16157752?
2, 13, 17, 19, 37
List the prime factors of 62279005.
5, 12455801
What are the prime factors of 200021605?
5, 7, 1459, 3917
What are the prime factors of 4674199956?
2, 3, 19, 53, 386809
What are the prime factors of 159865207?
159865207
List the prime factors of 719470855.
5, 17, 8464363
What are the prime factors of 31232435?
5, 13, 480499
List the prime factors of 777722808.
2, 3, 32405117
List the prime factors of 6085917701.
6085917701
List the prime factors of 2508282753.
3, 59, 733, 19333
What are the prime factors of 18186233?
13, 937, 1493
List the prime factors of 421839074.
2, 4451, 47387
List the prime factors of 679053866.
2, 277, 1225729
What are the prime factors of 880700943?
3, 179, 719, 2281
List the prime factors of 1621373000.
2, 5, 13, 124721
List the prime factors of 8892606.
2, 3, 1482101
What are the prime factors of 297047777?
13, 103, 163, 1361
What are the prime factors of 40565856?
2, 3, 31, 43, 317
What are the prime factors of 210855307?
13, 2399, 6761
What are the prime factors of 3858860?
2, 5, 61, 3163
What are the prime factors of 64991862?
2, 3, 13, 92581
What are the prime factors of 2108495508?
2, 3, 7, 59, 425443
What are the prime factors of 2316560638?
2, 7, 165468617
What are the prime factors of 187305706?
2, 7, 103, 129893
List the prime factors of 2424419.
19, 127601
What are the prime factors of 26346325?
5, 71, 14843
What are the prime factors of 66269859?
3, 17, 47, 27647
List the prime factors of 2472694185.
3, 5, 13, 977, 12979
List the prime factors of 1578201862.
2, 8867, 88993
List the prime factors of 673057407.
3, 11, 937, 21767
What are the prime factors of 53095214?
2, 461, 57587
List the prime factors of 1178746779.
3, 7, 6691, 8389
List the prime factors of 268213842.
2, 3, 13, 19, 6703
What are the prime factors of 610517008?
2, 38157313
List the prime factors of 725382300.
2, 3, 5, 2417941
What are the prime factors of 2470775530?
2, 5, 247077553
What are the prime factors of 2115503187?
3, 7, 19, 593, 8941
What are the prime factors of 43389439?
41, 167, 6337
List the prime factors of 3319397926.
2, 13, 19, 101, 66529
List the prime factors of 89275662.
2, 3, 7, 103, 2293
List the prime factors of 440601.
3, 7, 20981
What are the prime factors of 1123447012?
2, 280861753
List the prime factors of 997223081.
269, 3707149
What are the prime factors of 135904378?
2, 19, 23, 131, 1187
What are the prime factors of 5566155446?
2, 2783077723
List the prime factors of 36013182.
2, 3, 53, 269, 421
List the prime factors of 212049513.
3, 13, 673, 2693
List the prime factors of 45756940.
2, 5, 19, 120413
List the prime factors of 14979045.
3, 5, 31, 32213
What are the prime factors of 4647175460?
2, 5, 7759, 29947
What are the prime factors of 16423820?
2, 5, 7, 16759
What are the prime factors of 1889030479?
7, 293, 921029
What are the prime factors of 4002550311?
3, 101, 13209737
What are the prime factors of 107938218?
2, 3, 23, 31, 1097
List the prime factors of 3243459378.
2, 3, 47, 11501629
List the prime factors of 2819227599.
3, 23, 1513273
List the prime factors of 396351426.
2, 3, 66058571
What are the prime factors of 43420836?
2, 3, 3618403
What are the prime factors of 118381818?
2, 3, 19, 131, 7927
List the prime factors of 43958961.
3, 31, 157559
List the prime factors of 3378394.
2, 1689197
What are the prime factors of 188574714?
2, 3, 10476373
List the prime factors of 104291750.
2, 5, 31, 13457
What are the prime factors of 985313438?
2, 17, 19, 43, 79, 449
List the prime factors of 1355649867.
3, 11, 13, 19, 55439
What are the prime factors of 1796622320?
2, 5, 37, 606967
What are the prime factors of 114993352?
2, 29, 43, 11527
List the prime factors of 31927217.
7, 61, 74771
List the prime factors of 209116860.
2, 3, 5, 797, 4373
What are the prime factors of 466777376?
2, 13, 227, 4943
List the prime factors of 38535378.
2, 3, 7, 59, 15551
List the prime factors of 16047048.
2, 3, 17, 37, 1063
What are the prime factors of 579107071?
579107071
List the prime factors of 131451421.
6829, 19249
What are the prime factors of 19336117?
179, 108023
List the prime factors of 65535348.
2, 3, 53, 103043
What are the prime factors of 127277549?
7, 29, 43, 2083
List the prime factors of 137036127.
3, 45678709
List the prime factors of 2847994022.
2, 211, 1193, 5657
List the prime factors of 1833592733.
7, 261941819
List the prime factors of 143784971.
11, 173, 75557
What are the prime factors of 165177621?
3, 7, 19, 137993
What are the prime factors of 6284661988?
2, 11, 142833227
List the prime factors of 97837737.
3, 17, 281, 6827
What are the prime factors of 1458056189?
1458056189
List the prime factors of 5827907191.
127, 45889033
What are the prime factors of 45530511?
3, 13, 1167449
List the prime factors of 310337339.
13, 409, 58367
What are the prime factors of 1559764?
2, 389941
What are the prime factors of 146711783?
29, 89, 56843
What are the prime factors of 45198802?
2, 11, 2054491
List the prime factors of 87922733.
73, 1204421
List the prime factors of 971658926.
2, 7, 9914887
What are the prime factors of 2776599917?
7, 13, 37, 824651
List the prime factors of 3255650898.
2, 3, 71, 7642373
What are the prime factors of 29650160?
2, 5, 457, 811
What are the prime factors of 851435610?
2, 3, 5, 28381187
What are the prime factors of 529509012?
2, 3, 44125751
What are the prime factors of 54708195?
3, 5, 1091, 3343
What are the prime factors of 3737281133?
19, 196699007
What are the prime factors of 155402234?
2, 13, 5977009
List the prime factors of 157489272.
2, 3, 81013
List the prime factors of 2894392525.
5, 37, 3129073
List the prime factors of 143214821.
5701, 25121
List the prime factors of 1141498619.
97, 11768027
List the prime factors of 3281587